{"id":26,"date":"2018-10-30T09:38:03","date_gmt":"2018-10-30T09:38:03","guid":{"rendered":"http:\/\/www.ctcd.be\/?page_id=26"},"modified":"2019-05-21T11:26:24","modified_gmt":"2019-05-21T11:26:24","slug":"home-page-ctcd","status":"publish","type":"page","link":"https:\/\/www.ctcd.be\/","title":{"rendered":"Home Page CTCD"},"content":{"rendered":"<div id=\"pl-26\"  class=\"panel-layout\" ><div id=\"pg-26-0\"  class=\"panel-grid panel-no-style\" ><div id=\"pgc-26-0-0\"  class=\"panel-grid-cell panel-grid-cell-empty\" ><\/div><\/div><div id=\"pg-26-1\"  class=\"panel-grid panel-no-style\" ><div id=\"pgc-26-1-0\"  class=\"panel-grid-cell\" ><div id=\"panel-26-1-0-0\" class=\"so-panel widget widget_sow-editor panel-first-child panel-last-child\" data-index=\"0\" ><div\n\t\t\t\n\t\t\tclass=\"so-widget-sow-editor so-widget-sow-editor-base\"\n\t\t\t\n\t\t>\n<div class=\"siteorigin-widget-tinymce textwidget\">\n\t<p style=\"text-align: center;\"><strong><span style=\"color: #ff0000;\">Faire un don via l'application PAYPAL<\/span><\/strong><br \/>\n<span style=\"color: #ffffff;\">.<\/span><\/p>\n<p style=\"text-align: center;\"><a href=\"https:\/\/www.paypal.com\/cgi-bin\/webscr?cmd=_s-xclick&amp;hosted_button_id=E9GTSUK56YMCU\" target=\"_blank\" rel=\"noopener\"><img data-attachment-id=\"134\" data-permalink=\"https:\/\/www.ctcd.be\/?attachment_id=134\" data-orig-file=\"https:\/\/i0.wp.com\/www.ctcd.be\/wp-content\/uploads\/2018\/10\/PAYPAL-Logo.jpg?fit=200%2C126&amp;ssl=1\" data-orig-size=\"200,126\" data-comments-opened=\"1\" data-image-meta=\"{&quot;aperture&quot;:&quot;0&quot;,&quot;credit&quot;:&quot;&quot;,&quot;camera&quot;:&quot;&quot;,&quot;caption&quot;:&quot;&quot;,&quot;created_timestamp&quot;:&quot;0&quot;,&quot;copyright&quot;:&quot;&quot;,&quot;focal_length&quot;:&quot;0&quot;,&quot;iso&quot;:&quot;0&quot;,&quot;shutter_speed&quot;:&quot;0&quot;,&quot;title&quot;:&quot;&quot;,&quot;orientation&quot;:&quot;1&quot;}\" data-image-title=\"PAYPAL Logo\" data-image-description=\"\" data-image-caption=\"\" data-medium-file=\"https:\/\/i0.wp.com\/www.ctcd.be\/wp-content\/uploads\/2018\/10\/PAYPAL-Logo.jpg?fit=200%2C126&amp;ssl=1\" data-large-file=\"https:\/\/i0.wp.com\/www.ctcd.be\/wp-content\/uploads\/2018\/10\/PAYPAL-Logo.jpg?fit=200%2C126&amp;ssl=1\" data-recalc-dims=\"1\" loading=\"lazy\" decoding=\"async\" class=\"aligncenter wp-image-134 size-full\" src=\"https:\/\/i0.wp.com\/www.ctcd.be\/wp-content\/uploads\/2018\/10\/PAYPAL-Logo.jpg?resize=200%2C126&#038;ssl=1\" alt=\"\" width=\"200\" height=\"126\" \/><\/a><\/p>\n<\/div>\n<\/div><\/div><\/div><div id=\"pgc-26-1-1\"  class=\"panel-grid-cell\" ><div id=\"panel-26-1-1-0\" class=\"so-panel widget widget_sow-editor panel-first-child panel-last-child\" data-index=\"1\" ><div\n\t\t\t\n\t\t\tclass=\"so-widget-sow-editor so-widget-sow-editor-base\"\n\t\t\t\n\t\t>\n<div class=\"siteorigin-widget-tinymce textwidget\">\n\t<p style=\"text-align: center;\"><span style=\"color: #ff0000;\"><strong>Faire un don par virement bancaire<\/strong><\/span><br \/>\n<img data-attachment-id=\"133\" data-permalink=\"https:\/\/www.ctcd.be\/?attachment_id=133\" data-orig-file=\"https:\/\/i0.wp.com\/www.ctcd.be\/wp-content\/uploads\/2018\/10\/BELFIUS-Logo.jpg?fit=200%2C66&amp;ssl=1\" data-orig-size=\"200,66\" data-comments-opened=\"1\" data-image-meta=\"{&quot;aperture&quot;:&quot;0&quot;,&quot;credit&quot;:&quot;&quot;,&quot;camera&quot;:&quot;&quot;,&quot;caption&quot;:&quot;&quot;,&quot;created_timestamp&quot;:&quot;0&quot;,&quot;copyright&quot;:&quot;&quot;,&quot;focal_length&quot;:&quot;0&quot;,&quot;iso&quot;:&quot;0&quot;,&quot;shutter_speed&quot;:&quot;0&quot;,&quot;title&quot;:&quot;&quot;,&quot;orientation&quot;:&quot;1&quot;}\" data-image-title=\"BELFIUS Logo\" data-image-description=\"\" data-image-caption=\"\" data-medium-file=\"https:\/\/i0.wp.com\/www.ctcd.be\/wp-content\/uploads\/2018\/10\/BELFIUS-Logo.jpg?fit=200%2C66&amp;ssl=1\" data-large-file=\"https:\/\/i0.wp.com\/www.ctcd.be\/wp-content\/uploads\/2018\/10\/BELFIUS-Logo.jpg?fit=200%2C66&amp;ssl=1\" data-recalc-dims=\"1\" loading=\"lazy\" decoding=\"async\" class=\"aligncenter wp-image-133 size-full\" src=\"https:\/\/i0.wp.com\/www.ctcd.be\/wp-content\/uploads\/2018\/10\/BELFIUS-Logo.jpg?resize=200%2C66&#038;ssl=1\" alt=\"\" width=\"200\" height=\"66\" \/><\/p>\n<h3 style=\"text-align: center;\"><span style=\"color: #0000ff;\"><strong>BE07 0689 3226 1266<\/strong><\/span><\/h3>\n<p style=\"text-align: center;\">Au l'ordre de \"C.T.C.D. ASBL\"<br \/>\nRue du Pont n\u00b0 9\u00a0 -\u00a0 5060\u00a0 TAMINES<\/p>\n<\/div>\n<\/div><\/div><\/div><div id=\"pgc-26-1-2\"  class=\"panel-grid-cell\" ><div id=\"panel-26-1-2-0\" class=\"so-panel widget widget_sow-editor panel-first-child panel-last-child\" data-index=\"2\" ><div\n\t\t\t\n\t\t\tclass=\"so-widget-sow-editor so-widget-sow-editor-base\"\n\t\t\t\n\t\t>\n<div class=\"siteorigin-widget-tinymce textwidget\">\n\t<p style=\"text-align: center;\"><strong><span style=\"color: #ff0000;\">Devenez SPONSOR de notre ASBL<\/span><\/strong><\/p>\n<p style=\"text-align: center;\"><a href=\"https:\/\/www.ctcd.be\/?page_id=243\"><img data-attachment-id=\"137\" data-permalink=\"https:\/\/www.ctcd.be\/?attachment_id=137\" data-orig-file=\"https:\/\/i0.wp.com\/www.ctcd.be\/wp-content\/uploads\/2018\/10\/SPONSOR-Logo.jpg?fit=126%2C126&amp;ssl=1\" data-orig-size=\"126,126\" data-comments-opened=\"1\" data-image-meta=\"{&quot;aperture&quot;:&quot;0&quot;,&quot;credit&quot;:&quot;&quot;,&quot;camera&quot;:&quot;&quot;,&quot;caption&quot;:&quot;&quot;,&quot;created_timestamp&quot;:&quot;0&quot;,&quot;copyright&quot;:&quot;&quot;,&quot;focal_length&quot;:&quot;0&quot;,&quot;iso&quot;:&quot;0&quot;,&quot;shutter_speed&quot;:&quot;0&quot;,&quot;title&quot;:&quot;&quot;,&quot;orientation&quot;:&quot;1&quot;}\" data-image-title=\"SPONSOR Logo\" data-image-description=\"\" data-image-caption=\"\" data-medium-file=\"https:\/\/i0.wp.com\/www.ctcd.be\/wp-content\/uploads\/2018\/10\/SPONSOR-Logo.jpg?fit=126%2C126&amp;ssl=1\" data-large-file=\"https:\/\/i0.wp.com\/www.ctcd.be\/wp-content\/uploads\/2018\/10\/SPONSOR-Logo.jpg?fit=126%2C126&amp;ssl=1\" data-recalc-dims=\"1\" loading=\"lazy\" decoding=\"async\" class=\"aligncenter wp-image-137 \" src=\"https:\/\/i0.wp.com\/www.ctcd.be\/wp-content\/uploads\/2018\/10\/SPONSOR-Logo.jpg?resize=141%2C141&#038;ssl=1\" alt=\"\" width=\"141\" height=\"141\" srcset=\"https:\/\/i0.wp.com\/www.ctcd.be\/wp-content\/uploads\/2018\/10\/SPONSOR-Logo.jpg?w=126&amp;ssl=1 126w, https:\/\/i0.wp.com\/www.ctcd.be\/wp-content\/uploads\/2018\/10\/SPONSOR-Logo.jpg?resize=100%2C100&amp;ssl=1 100w\" sizes=\"auto, (max-width: 141px) 100vw, 141px\" \/><\/a><\/p>\n<p style=\"text-align: center;\">\n<\/div>\n<\/div><\/div><\/div><\/div><div id=\"pg-26-2\"  class=\"panel-grid panel-no-style\" ><div id=\"pgc-26-2-0\"  class=\"panel-grid-cell\" ><div id=\"panel-26-2-0-0\" class=\"so-panel widget widget_sow-editor panel-first-child panel-last-child\" data-index=\"3\" ><div\n\t\t\t\n\t\t\tclass=\"so-widget-sow-editor so-widget-sow-editor-base\"\n\t\t\t\n\t\t>\n<div class=\"siteorigin-widget-tinymce textwidget\">\n\t<p style=\"text-align: center;\"><strong><span style=\"color: #ff0000;\">Les Tirelires de T\u00e9lio<\/span><\/strong><\/p>\n<p><a href=\"https:\/\/www.ctcd.be\/?page_id=197\"><img data-attachment-id=\"206\" data-permalink=\"https:\/\/www.ctcd.be\/?attachment_id=206\" data-orig-file=\"https:\/\/i0.wp.com\/www.ctcd.be\/wp-content\/uploads\/2018\/11\/Tirelires-Fond-Blanc.jpg?fit=298%2C400&amp;ssl=1\" data-orig-size=\"298,400\" data-comments-opened=\"1\" data-image-meta=\"{&quot;aperture&quot;:&quot;0&quot;,&quot;credit&quot;:&quot;&quot;,&quot;camera&quot;:&quot;&quot;,&quot;caption&quot;:&quot;&quot;,&quot;created_timestamp&quot;:&quot;0&quot;,&quot;copyright&quot;:&quot;&quot;,&quot;focal_length&quot;:&quot;0&quot;,&quot;iso&quot;:&quot;0&quot;,&quot;shutter_speed&quot;:&quot;0&quot;,&quot;title&quot;:&quot;&quot;,&quot;orientation&quot;:&quot;1&quot;}\" data-image-title=\"Tirelires Fond Blanc\" data-image-description=\"\" data-image-caption=\"\" data-medium-file=\"https:\/\/i0.wp.com\/www.ctcd.be\/wp-content\/uploads\/2018\/11\/Tirelires-Fond-Blanc.jpg?fit=224%2C300&amp;ssl=1\" data-large-file=\"https:\/\/i0.wp.com\/www.ctcd.be\/wp-content\/uploads\/2018\/11\/Tirelires-Fond-Blanc.jpg?fit=298%2C400&amp;ssl=1\" data-recalc-dims=\"1\" loading=\"lazy\" decoding=\"async\" class=\"aligncenter wp-image-206 \" src=\"https:\/\/i0.wp.com\/www.ctcd.be\/wp-content\/uploads\/2018\/11\/Tirelires-Fond-Blanc.jpg?resize=163%2C163&#038;ssl=1\" alt=\"\" width=\"163\" height=\"163\" srcset=\"https:\/\/i0.wp.com\/www.ctcd.be\/wp-content\/uploads\/2018\/11\/Tirelires-Fond-Blanc.jpg?resize=150%2C150&amp;ssl=1 150w, https:\/\/i0.wp.com\/www.ctcd.be\/wp-content\/uploads\/2018\/11\/Tirelires-Fond-Blanc.jpg?resize=298%2C300&amp;ssl=1 298w, https:\/\/i0.wp.com\/www.ctcd.be\/wp-content\/uploads\/2018\/11\/Tirelires-Fond-Blanc.jpg?resize=100%2C100&amp;ssl=1 100w\" sizes=\"auto, (max-width: 163px) 100vw, 163px\" \/><\/a><\/p>\n<\/div>\n<\/div><\/div><\/div><div id=\"pgc-26-2-1\"  class=\"panel-grid-cell\" ><div id=\"panel-26-2-1-0\" class=\"so-panel widget widget_sow-editor panel-first-child panel-last-child\" data-index=\"4\" ><div\n\t\t\t\n\t\t\tclass=\"so-widget-sow-editor so-widget-sow-editor-base\"\n\t\t\t\n\t\t>\n<div class=\"siteorigin-widget-tinymce textwidget\">\n\t<p style=\"text-align: center;\"><span style=\"color: #ff6600;\"><strong>Participez \u00e0 l'un de<\/strong><\/span><br \/>\n<span style=\"color: #ff6600;\"><strong>nos \u00e9v\u00e9nements<\/strong><\/span><a href=\"https:\/\/www.ctcd.be\/?post_type=tribe_events\"><img data-attachment-id=\"238\" data-permalink=\"https:\/\/www.ctcd.be\/?attachment_id=238\" data-orig-file=\"https:\/\/i0.wp.com\/www.ctcd.be\/wp-content\/uploads\/2018\/11\/Ev%C3%A9nement-Accueil.jpg?fit=2048%2C2048&amp;ssl=1\" data-orig-size=\"2048,2048\" data-comments-opened=\"1\" data-image-meta=\"{&quot;aperture&quot;:&quot;0&quot;,&quot;credit&quot;:&quot;&quot;,&quot;camera&quot;:&quot;&quot;,&quot;caption&quot;:&quot;&quot;,&quot;created_timestamp&quot;:&quot;0&quot;,&quot;copyright&quot;:&quot;&quot;,&quot;focal_length&quot;:&quot;0&quot;,&quot;iso&quot;:&quot;0&quot;,&quot;shutter_speed&quot;:&quot;0&quot;,&quot;title&quot;:&quot;&quot;,&quot;orientation&quot;:&quot;1&quot;}\" data-image-title=\"Ev\u00e9nement Accueil\" data-image-description=\"\" data-image-caption=\"\" data-medium-file=\"https:\/\/i0.wp.com\/www.ctcd.be\/wp-content\/uploads\/2018\/11\/Ev%C3%A9nement-Accueil.jpg?fit=300%2C300&amp;ssl=1\" data-large-file=\"https:\/\/i0.wp.com\/www.ctcd.be\/wp-content\/uploads\/2018\/11\/Ev%C3%A9nement-Accueil.jpg?fit=1024%2C1024&amp;ssl=1\" data-recalc-dims=\"1\" loading=\"lazy\" decoding=\"async\" class=\"aligncenter wp-image-238 \" src=\"https:\/\/i0.wp.com\/www.ctcd.be\/wp-content\/uploads\/2018\/11\/Ev%C3%A9nement-Accueil.jpg?resize=134%2C134&#038;ssl=1\" alt=\"\" width=\"134\" height=\"134\" srcset=\"https:\/\/i0.wp.com\/www.ctcd.be\/wp-content\/uploads\/2018\/11\/Ev%C3%A9nement-Accueil.jpg?resize=150%2C150&amp;ssl=1 150w, https:\/\/i0.wp.com\/www.ctcd.be\/wp-content\/uploads\/2018\/11\/Ev%C3%A9nement-Accueil.jpg?resize=300%2C300&amp;ssl=1 300w, https:\/\/i0.wp.com\/www.ctcd.be\/wp-content\/uploads\/2018\/11\/Ev%C3%A9nement-Accueil.jpg?resize=768%2C768&amp;ssl=1 768w, https:\/\/i0.wp.com\/www.ctcd.be\/wp-content\/uploads\/2018\/11\/Ev%C3%A9nement-Accueil.jpg?resize=1024%2C1024&amp;ssl=1 1024w, https:\/\/i0.wp.com\/www.ctcd.be\/wp-content\/uploads\/2018\/11\/Ev%C3%A9nement-Accueil.jpg?resize=600%2C600&amp;ssl=1 600w, https:\/\/i0.wp.com\/www.ctcd.be\/wp-content\/uploads\/2018\/11\/Ev%C3%A9nement-Accueil.jpg?resize=555%2C555&amp;ssl=1 555w, https:\/\/i0.wp.com\/www.ctcd.be\/wp-content\/uploads\/2018\/11\/Ev%C3%A9nement-Accueil.jpg?resize=100%2C100&amp;ssl=1 100w, https:\/\/i0.wp.com\/www.ctcd.be\/wp-content\/uploads\/2018\/11\/Ev%C3%A9nement-Accueil.jpg?w=2048&amp;ssl=1 2048w\" sizes=\"auto, (max-width: 134px) 100vw, 134px\" \/><\/a><\/p>\n<\/div>\n<\/div><\/div><\/div><div id=\"pgc-26-2-2\"  class=\"panel-grid-cell\" ><div id=\"panel-26-2-2-0\" class=\"so-panel widget widget_sow-editor panel-first-child panel-last-child\" data-index=\"5\" ><div\n\t\t\t\n\t\t\tclass=\"so-widget-sow-editor so-widget-sow-editor-base\"\n\t\t\t\n\t\t>\n<div class=\"siteorigin-widget-tinymce textwidget\">\n\t<p style=\"text-align: center;\"><strong><span style=\"color: #ff0000;\">Vous souhaitez nous<br \/>\naider activement ?<\/span><\/strong><\/p>\n<p><a href=\"https:\/\/www.ctcd.be\/?page_id=243\"><img data-attachment-id=\"235\" data-permalink=\"https:\/\/www.ctcd.be\/?attachment_id=235\" data-orig-file=\"https:\/\/i0.wp.com\/www.ctcd.be\/wp-content\/uploads\/2018\/11\/B%C3%A9n%C3%A9voles.jpg?fit=510%2C510&amp;ssl=1\" data-orig-size=\"510,510\" data-comments-opened=\"1\" data-image-meta=\"{&quot;aperture&quot;:&quot;0&quot;,&quot;credit&quot;:&quot;&quot;,&quot;camera&quot;:&quot;&quot;,&quot;caption&quot;:&quot;&quot;,&quot;created_timestamp&quot;:&quot;0&quot;,&quot;copyright&quot;:&quot;&quot;,&quot;focal_length&quot;:&quot;0&quot;,&quot;iso&quot;:&quot;0&quot;,&quot;shutter_speed&quot;:&quot;0&quot;,&quot;title&quot;:&quot;&quot;,&quot;orientation&quot;:&quot;1&quot;}\" data-image-title=\"B\u00e9n\u00e9voles\" data-image-description=\"\" data-image-caption=\"\" data-medium-file=\"https:\/\/i0.wp.com\/www.ctcd.be\/wp-content\/uploads\/2018\/11\/B%C3%A9n%C3%A9voles.jpg?fit=300%2C300&amp;ssl=1\" data-large-file=\"https:\/\/i0.wp.com\/www.ctcd.be\/wp-content\/uploads\/2018\/11\/B%C3%A9n%C3%A9voles.jpg?fit=510%2C510&amp;ssl=1\" data-recalc-dims=\"1\" loading=\"lazy\" decoding=\"async\" class=\"aligncenter wp-image-235\" src=\"https:\/\/i0.wp.com\/www.ctcd.be\/wp-content\/uploads\/2018\/11\/B%C3%A9n%C3%A9voles.jpg?resize=145%2C145&#038;ssl=1\" alt=\"\" width=\"145\" height=\"145\" srcset=\"https:\/\/i0.wp.com\/www.ctcd.be\/wp-content\/uploads\/2018\/11\/B%C3%A9n%C3%A9voles.jpg?resize=300%2C300&amp;ssl=1 300w, https:\/\/i0.wp.com\/www.ctcd.be\/wp-content\/uploads\/2018\/11\/B%C3%A9n%C3%A9voles.jpg?resize=150%2C150&amp;ssl=1 150w, https:\/\/i0.wp.com\/www.ctcd.be\/wp-content\/uploads\/2018\/11\/B%C3%A9n%C3%A9voles.jpg?resize=100%2C100&amp;ssl=1 100w, https:\/\/i0.wp.com\/www.ctcd.be\/wp-content\/uploads\/2018\/11\/B%C3%A9n%C3%A9voles.jpg?w=510&amp;ssl=1 510w\" sizes=\"auto, (max-width: 145px) 100vw, 145px\" \/><\/a><\/p>\n<\/div>\n<\/div><\/div><\/div><\/div><div id=\"pg-26-3\"  class=\"panel-grid panel-no-style\" ><div id=\"pgc-26-3-0\"  class=\"panel-grid-cell\" ><div id=\"panel-26-3-0-0\" class=\"so-panel widget widget_sow-image panel-first-child\" data-index=\"6\" ><div\n\t\t\t\n\t\t\tclass=\"so-widget-sow-image so-widget-sow-image-default-49681edeb466-26\"\n\t\t\t\n\t\t>\n<div class=\"sow-image-container\">\n\t\t<img \n\tsrc=\"https:\/\/i0.wp.com\/www.ctcd.be\/wp-content\/uploads\/2018\/11\/SPONSOR-PUB-Bleu.jpg?resize=150%2C150&amp;ssl=1\" width=\"150\" height=\"150\" srcset=\"https:\/\/i0.wp.com\/www.ctcd.be\/wp-content\/uploads\/2018\/11\/SPONSOR-PUB-Bleu.jpg?w=250&amp;ssl=1 250w, https:\/\/i0.wp.com\/www.ctcd.be\/wp-content\/uploads\/2018\/11\/SPONSOR-PUB-Bleu.jpg?resize=150%2C150&amp;ssl=1 150w, https:\/\/i0.wp.com\/www.ctcd.be\/wp-content\/uploads\/2018\/11\/SPONSOR-PUB-Bleu.jpg?resize=100%2C100&amp;ssl=1 100w\" title=\"SPONSOR PUB Bleu\" alt=\"\" \t\tclass=\"so-widget-image\"\/>\n\t<\/div>\n\n<\/div><\/div><div id=\"panel-26-3-0-1\" class=\"so-panel widget widget_sow-image\" data-index=\"7\" ><div\n\t\t\t\n\t\t\tclass=\"so-widget-sow-image so-widget-sow-image-default-49681edeb466-26\"\n\t\t\t\n\t\t>\n<div class=\"sow-image-container\">\n\t\t<img \n\tsrc=\"https:\/\/i0.wp.com\/www.ctcd.be\/wp-content\/uploads\/2018\/11\/SPONSOR-PUB-Bleu.jpg?resize=150%2C150&amp;ssl=1\" width=\"150\" height=\"150\" srcset=\"https:\/\/i0.wp.com\/www.ctcd.be\/wp-content\/uploads\/2018\/11\/SPONSOR-PUB-Bleu.jpg?w=250&amp;ssl=1 250w, https:\/\/i0.wp.com\/www.ctcd.be\/wp-content\/uploads\/2018\/11\/SPONSOR-PUB-Bleu.jpg?resize=150%2C150&amp;ssl=1 150w, https:\/\/i0.wp.com\/www.ctcd.be\/wp-content\/uploads\/2018\/11\/SPONSOR-PUB-Bleu.jpg?resize=100%2C100&amp;ssl=1 100w\" title=\"SPONSOR PUB Bleu\" alt=\"\" \t\tclass=\"so-widget-image\"\/>\n\t<\/div>\n\n<\/div><\/div><div id=\"panel-26-3-0-2\" class=\"so-panel widget widget_sow-image panel-last-child\" data-index=\"8\" ><div\n\t\t\t\n\t\t\tclass=\"so-widget-sow-image so-widget-sow-image-default-49681edeb466-26\"\n\t\t\t\n\t\t>\n<div class=\"sow-image-container\">\n\t\t<img \n\tsrc=\"https:\/\/i0.wp.com\/www.ctcd.be\/wp-content\/uploads\/2018\/11\/SPONSOR-PUB-Bleu.jpg?resize=150%2C150&amp;ssl=1\" width=\"150\" height=\"150\" srcset=\"https:\/\/i0.wp.com\/www.ctcd.be\/wp-content\/uploads\/2018\/11\/SPONSOR-PUB-Bleu.jpg?w=250&amp;ssl=1 250w, https:\/\/i0.wp.com\/www.ctcd.be\/wp-content\/uploads\/2018\/11\/SPONSOR-PUB-Bleu.jpg?resize=150%2C150&amp;ssl=1 150w, https:\/\/i0.wp.com\/www.ctcd.be\/wp-content\/uploads\/2018\/11\/SPONSOR-PUB-Bleu.jpg?resize=100%2C100&amp;ssl=1 100w\" title=\"SPONSOR PUB Bleu\" alt=\"\" \t\tclass=\"so-widget-image\"\/>\n\t<\/div>\n\n<\/div><\/div><\/div><div id=\"pgc-26-3-1\"  class=\"panel-grid-cell\" ><div id=\"panel-26-3-1-0\" class=\"so-panel widget widget_sow-editor panel-first-child panel-last-child\" data-index=\"9\" ><div\n\t\t\t\n\t\t\tclass=\"so-widget-sow-editor so-widget-sow-editor-base\"\n\t\t\t\n\t\t>\n<div class=\"siteorigin-widget-tinymce textwidget\">\n\t<p>En tant que parents et membres de la famille d'une personne atteinte de myopathie de Duchenne, nous sommes particuli\u00e8rement motiv\u00e9s \u00e0 tout faire pour booster la recherche contre cette terrible maladie.<\/p>\n<p><strong>La possibilit\u00e9 de trouver un traitement est d\u2019une importance vitale pour nos enfants. <\/strong><\/p>\n<p>Par cons\u00e9quent, chaque euro collect\u00e9 repr\u00e9sente un peu d\u2019espoir \u00e0 nos yeux. C\u2019est aussi pour cette raison que vous pouvez \u00eatre s\u00fbrs que l\u2019argent r\u00e9colt\u00e9 ira bien \u00e0 la recherche.<\/p>\n<p>Si vous souhaitez nous soutenir et aider la recherche \u00e0 trouver un traitement pour nos enfants, voici trois mani\u00e8res de faire un don :<\/p>\n<ul>\n<li>Via l'application Paypal :\u00a0 Attention... des frais sont port\u00e9s en charge et peuvent diminuer le montant de votre don.\u00a0 Ces frais sont de 0,35 EUR de frais fixes par versement + 3,4 % du montant de votre don.\u00a0 Privil\u00e9giez donc cette m\u00e9thode pour des dons sup\u00e9rieurs \u00e0 10 EUR.<\/li>\n<li>Par virement bancaire sur notre compte BELFIUS ci-dessous d\u00e9sign\u00e9<\/li>\n<li>Vous \u00eates une entreprise, sponsorisez notre cause !\u00a0 Vous recevez une facture dont le montant sera enti\u00e8rement d\u00e9ductible fiscalement.<\/li>\n<\/ul>\n<p>\u200b<\/p>\n<p>Pour le moment, pour les particuliers, il n'est provisoirement PAS possible de fournir une attestation fiscale. Cette possibilit\u00e9 vous sera offerte \u00e0 partir du d\u00e9but de l'ann\u00e9e 2020.\u00a0 En effet, le Minist\u00e8re des Finance n'accorde ce privil\u00e8ge qu'aux ASBL en activit\u00e9 depuis plus d'un an.<\/p>\n<p>Quelle que soit la m\u00e9thode que vous choisirez, <strong>nous vous remercions par avance pour votre soutien !<\/strong><\/p>\n<p>\u200b<\/p>\n<\/div>\n<\/div><\/div><\/div><\/div><\/div>","protected":false},"excerpt":{"rendered":"<p>Faire un don via l&rsquo;application PAYPAL . Faire un don par virement bancaire BE07 0689 3226 1266 Au l&rsquo;ordre de \u00ab\u00a0C.T.C.D. ASBL\u00a0\u00bb Rue du Pont n\u00b0 9\u00a0 &#8211;\u00a0 5060\u00a0 TAMINES<\/p>\n","protected":false},"author":2,"featured_media":0,"parent":0,"menu_order":1,"comment_status":"closed","ping_status":"closed","template":"template-front-page-slider.php","meta":{"jetpack_post_was_ever_published":false,"footnotes":""},"class_list":["post-26","page","type-page","status-publish","hentry"],"jetpack_sharing_enabled":true,"jetpack_shortlink":"https:\/\/wp.me\/Pamn1u-q","jetpack-related-posts":[],"jetpack_likes_enabled":true,"_links":{"self":[{"href":"https:\/\/www.ctcd.be\/index.php?rest_route=\/wp\/v2\/pages\/26","targetHints":{"allow":["GET"]}}],"collection":[{"href":"https:\/\/www.ctcd.be\/index.php?rest_route=\/wp\/v2\/pages"}],"about":[{"href":"https:\/\/www.ctcd.be\/index.php?rest_route=\/wp\/v2\/types\/page"}],"author":[{"embeddable":true,"href":"https:\/\/www.ctcd.be\/index.php?rest_route=\/wp\/v2\/users\/2"}],"replies":[{"embeddable":true,"href":"https:\/\/www.ctcd.be\/index.php?rest_route=%2Fwp%2Fv2%2Fcomments&post=26"}],"version-history":[{"count":72,"href":"https:\/\/www.ctcd.be\/index.php?rest_route=\/wp\/v2\/pages\/26\/revisions"}],"predecessor-version":[{"id":1140,"href":"https:\/\/www.ctcd.be\/index.php?rest_route=\/wp\/v2\/pages\/26\/revisions\/1140"}],"wp:attachment":[{"href":"https:\/\/www.ctcd.be\/index.php?rest_route=%2Fwp%2Fv2%2Fmedia&parent=26"}],"curies":[{"name":"wp","href":"https:\/\/api.w.org\/{rel}","templated":true}]}}